e remainder when 4 is divided by n.
0
What is the remainder when 3862 is divided by ((-848)/(-318) - (-5)/1)/((-1)/(-9))?
67
Suppose -239*l = -148*l - 1729. Let d be ((-31)/(-2))/(2/16). Suppose 5*x = -3*t + 572, 3*t - d = -x - 0*x. What is the remainder when x is divided by l?
17
Suppose -4*y - s = -528 - 2349, -5*s - 15 = 0. Calculate the remainder when 721 is divided by y.
1
Let s = 62 - 69. Let u(m) = m + 16. Let q be u(s). Let d(y) = y**3 - 9*y**2 + 5*y - 18. Calculate the remainder when 107 is divided by d(q).
26
Let o(d) = d**3 + 2*d**2 + 6*d + 4. Let z be o(-2). What is the remainder when -2 + (693/15 - z/(-40)) is divided by 18?
8
Suppose 29 + 73 = 17*t. Calculate the remainder when (-4)/t*81/(-2) is divided by 6.
3
Let i(g) = -g**2 + 39*g + 843. Suppose 3*p = -h + 29, p - 4*p + 5*h = -17. What is the remainder when i(54) is divided by p?
6
Let i = 1912 + -1814. What is the remainder when 480 is divided by i?
88
Suppose -22*s = -35*s + 91. Suppose 131 = s*t + 47. Calculate the remainder when (-2)/(-4)*(0 - -94) is divided by t.
11
Let i = -390 - -395. Suppose -i*x - 948 = -1013. Calculate the remainder when x is divided by 2.
1
Let q = -6993 - -7008. Calculate the remainder when 14157 is divided by q.
12
Let s(o) = -3*o + 22. Let w(p) = 4*p - 22. Let u(h) = 6*s(h) + 4*w(h). What is the remainder when u(8) is divided by 9?
1
Suppose -2601 = -3*s + 2*d + 1826, -2*s + 2922 = -5*d. What is the remainder when s is divided by 5?
1
Suppose -2*i - 42 = 2*n, 3*i = -2*n - 17 - 45. What is the remainder when i/(-8) + (-351)/(-2) is divided by 62?
54
Let c be 50/(-1) + (-56 - -50). What is the remainder when (-6)/1 + 77*c/(-98) is divided by 9?
2
Suppose 41*r + 169*r - 3360 = 0. Calculate the remainder when 752 is divided by r.
0
Suppose 0 = -49*f + 61*f - 3288. Calculate the remainder when f is divided by 27.
4
Let n(y) = 11*y**3 - 4*y**2 - 26*y + 92. What is the remainder when n(5) is divided by 177?
175
Let k(w) = 6*w + 7. Let t be k(5). Suppose 0 = -j + 37 + t. Suppose -3*h - 3*f - 23 = -80, -h = 4*f - 31. What is the remainder when j is divided by h?
14
Let h = 61 - 61. Let f be ((-8)/5)/((-5)/(-400) - h). Let y = f + 147. What is the remainder when 60 is divided by y?
3
Suppose 0 = -4*l + 36 + 4. Suppose 14*k = 15*k - l. What is the remainder when 58 is divided by k?
8
Let l = 20120 - 20105. Suppose y - 5*f = -f + 117, 351 = 3*y - 3*f. Calculate the remainder when y is divided by l.
12
Let r(g) = g**3 + 21*g**2 + 38*g + 12. Calculate the remainder when r(-16) is divided by 46.
40
Let z(t) = 10*t + 29. Let g be z(12). Let h = -146 + g. Calculate the remainder when 15 is divided by h.
0
Let j(u) = -u**3 + u**2 + 12*u + 95. Suppose 2 = 3*r - 2*a, 3*r - 1 = -5*a - 6. What is the remainder when j(r) is divided by 33?
29
Suppose 0 = -21*y + 29*y - 3*n - 644, y - 4*n = 66. What is the remainder when 333 is divided by y?
5
Suppose 0 = 2*p - 6, -5*l + 0*p - 2*p + 41 = 0. Suppose -5*x + 195 = 4*d, -x - 4*d = -l - 48. Calculate the remainder when 100 is divided by x.
30
Let i be (16/10)/((-6)/15) - -14. Let a(w) = 4*w - 30. Suppose 5*k - 4*r = 211, 5*k = 4*k + 4*r + 55. Calculate the remainder when k is divided by a(i).
9
Let q = 2801 + -2794. What is the remainder when 146 is divided by q?
6
Suppose -124*h = -2*t - 127*h + 83, 0 = -3*t - h + 121. Calculate the remainder when 175 is divided by t.
15
Let i = -58 - -81. Suppose 6*w = -3*s + 60, -s = 22*w - 18*w - 36. What is the remainder when i is divided by s?
3
Suppose -327*g + 19123 = -16324 - 18181. Calculate the remainder when 658 is divided by g.
2
Calculate the remainder when (72/108)/(4/8934) is divided by 727.
35
Suppose -65*t + 136*t - 1736 = -106*t + 919. Suppose v - 5*w + 14 = -4, 0 = -4*w - 8. Let a = v - -102. What is the remainder when a is divided by t?
14
Calculate the remainder when 25/10*(-3)/(150/(-220)) is divided by ((-16)/3)/(10/(-15)).
3
Suppose 2*a - 64 = -5*y, -y - 4*a = -3*y + 40. Let v = -2 + y. Suppose 0 = -d + 20 + 14. What is the remainder when d is divided by v?
10
Suppose 13 = 7*l - 8. Let q be (-15)/3*l*3/(-9). Suppose 7*i - 58 = q*i. Calculate the remainder when 86 is divided by i.
28
Suppose -3*d + 2*n = -567, 3*d - 5*n = 76 + 482. What is the remainder when d is divided by 112?
79
Suppose 18 = -5*q - 3*s, -3*q + 13*s = 10*s + 6. Suppose 3*t = 322 - 10. What is the remainder when t is divided by ((-59)/q - 1)*9/6?
20
Let g = -19034 - -20700. Calculate the remainder when g is divided by 15.
1
Suppose 4*z - k - 5510 = 0, -3*z + 191 = -k - 3943. What is the remainder when z is divided by 26?
24
Suppose 0 = 9*y + 3*y + 1596. Let q = y + 239. Let u = -99 + q. What is the remainder when 24 is divided by u?
3
Let h = -2597 + 3411. Calculate the remainder when h is divided by 48.
46
Let s = 22 + -16. Suppose -4*v + 610 = -2*a, a - 620 = 3*a - 2*v. Let o = -284 - a. What is the remainder when o is divided by s?
1
Let y = 16 - 19. Let u(h) = -13*h + 32. Calculate the remainder when u(y) is divided by (2/4)/(1/36).
17
Let x = -410 + 423. Let i be (-1)/(54/57 + -1). Let y = i - -15. Calculate the remainder when y is divided by x.
8
Let y = -37 - -36. Suppose 126 = 3*b - 5*j, 2*b + 0*j = -5*j + 109. What is the remainder when 3 + y - (-330 - (-6 - -1)) is divided by b?
45
Suppose 0 = 5*o + 5*y - 10, -6*y + y = -o + 2. Suppose 4 = o*b, -2*z = -b - b - 330. What is the remainder when z is divided by 28?
27
Let i = 101 + -38. Suppose -114*t + 48 = 127*t - 238*t. What is the remainder when i is divided by t?
15
Suppose 3*w + 0*w + 34 = b, -4*b + 2*w = -106. Calculate the remainder when b is divided by 7.
4
Let n(f) = 0*f + 5*f**2 - f**2 + 2 - 2*f. Calculate the remainder when -1*9*(1/(-4))/(519/8996) is divided by n(2).
11
Let s(c) = c**2 + 21*c + 70. Suppose -10 = -5*g - 4*x - x, 3*g + 4*x = 11. Calculate the remainder when 65 is divided by s(g).
1
Let n(h) = h**3 - 14*h**2 - 13*h - 7. Let s be n(7). Let w = s - -519. Calculate the remainder when 227 is divided by w.
71
Suppose 5*j - 857 = 2*k + 8*j, k + 5*j = -432. Let x = k - -554. What is the remainder when x is divided by 10?
7
Let u(h) = h + 95. Let r = 69 - 37. Let v = 59 - r. Calculate the remainder when u(66) is divided by v.
26
Suppose 2*z + 2*t - 634 = -0*z, -2*z + 634 = 5*t. Let k = -308 + z. Calculate the remainder when 71 is divided by k.
8
Let k = -43 + 284. Suppose 13 = 3*l - 14. What is the remainder when k is divided by l?
7
Let l = -12 - -108. Suppose 99*s - l*s - 6 = 0. Suppose 37 = -s*v + 87. What is the remainder when 73 is divided by v?
23
Suppose 4*m = 0, -2*f + 4*m - 1 + 11 = 0. Suppose 2*l + l = -5*t + 97, l - 49 = -f*t. What is the remainder when 70 is divided by l?
22
Let a(v) = -v**2 + 8*v - 1. Let l be a(4). Suppose 0 = -2*n + 33 + l. Let z(m) = 418*m + 13801. Calculate the remainder when n is divided by z(-33).
3
Suppose g - 2*c = 341, 4*g + 2*c - 1292 = -2*c. What is the remainder when g is divided by 307?
22
Let t = -453 + -142. Let o = 603 + t. What is the remainder when 45 is divided by o?
5
Suppose -39*r + 6077 = -24973 + 5388. Calculate the remainder when r is divided by 261.
136
Suppose d = -0*d - d - 4, 5*y - 5*d = 70. What is the remainder when -1*5/(-1)*5 is divided by y?
1
Let t(h) = -5*h**2 - 17*h + 10. Let y be t(9). Let o = y + 568. Calculate the remainder when o is divided by 7.
6
Suppose -43*y + 16445 = 66*y - 117734. What is the remainder when y is divided by 9?
7
Let j(t) = -2*t**3 + 47*t**2 + 81*t + 167. Calculate the remainder when j(23) is divided by 42.
39
Calculate the remainder when ((51/(-4))/(-17))/((-1)/(-916)) is divided by 317.
53
Suppose -2*k - 5*o = -35 - 108, -2*k + 141 = 3*o. Calculate the remainder when k is divided by (-18 - 186/(-10)) + 248/20.
4
Suppose 2*l = -m - 1, 5*m - 3*l - 5 - 3 = 0. Suppose 4*h + 2*o = 2*h + 12, o = 4*h + m. Suppose 68 = k - h. What is the remainder when k is divided by 36?
33
Let i = 110 + -31. Let p = i - 26. Calculate the remainder when p is divided by 28.
25
Suppose 8*j - 1041 = 1646 + 697. What is the remainder when 849 is divided by j?
3
Let y = -3349 - -3633. Calculate the remainder when y is divided by 83.
35
Let d(c) = -c + 25. Let u(z) = -z + 1. Let o(h) = -46*h**3 - 5*h + 4. Let i(s) = -o(s) + 3*u(s). What is the remainder when